{"id":468,"date":"2018-08-16T01:29:18","date_gmt":"2018-08-16T04:29:18","guid":{"rendered":"http:\/\/agrestefotostudio.com.br\/blog\/?page_id=468"},"modified":"2019-09-02T20:23:30","modified_gmt":"2019-09-02T23:23:30","slug":"quem-somos","status":"publish","type":"page","link":"https:\/\/agrestefotostudio.com.br\/blog\/quem-somos\/","title":{"rendered":"Quem Somos"},"content":{"rendered":"\t\t<div data-elementor-type=\"wp-post\" data-elementor-id=\"468\" class=\"elementor elementor-468\">\n\t\t\t\t\t\t<section class=\"elementor-section elementor-top-section elementor-element elementor-element-6ab6b781 elementor-section-boxed elementor-section-height-default elementor-section-height-default\" data-id=\"6ab6b781\" data-element_type=\"section\">\n\t\t\t\t\t\t<div class=\"elementor-container elementor-column-gap-default\">\n\t\t\t\t\t<div class=\"elementor-column elementor-col-100 elementor-top-column elementor-element elementor-element-24f7eb66\" data-id=\"24f7eb66\" data-element_type=\"column\">\n\t\t\t<div class=\"elementor-widget-wrap elementor-element-populated\">\n\t\t\t\t\t\t<div class=\"elementor-element elementor-element-7d1a0144 elementor-widget elementor-widget-text-editor\" data-id=\"7d1a0144\" data-element_type=\"widget\" data-widget_type=\"text-editor.default\">\n\t\t\t\t<div class=\"elementor-widget-container\">\n\t\t\t\t\t\t\t\t\t<div id=\"comp-j6r2j2zb\" class=\"txtNew\" data-packed=\"true\"><p class=\"font_8\" style=\"text-align: justify;\">O projeto do est\u00fadio tem\u00e1tico na Feira de S\u00e3o Crist\u00f3v\u00e3o come\u00e7ou em janeiro de 2011 com a aquisi\u00e7\u00e3o de um stand pelos seus s\u00f3cios. A partir daquele momento, come\u00e7ava a ser elaborado o cen\u00e1rio para a ambienta\u00e7\u00e3o das fotos.<\/p><p class=\"font_8\" style=\"text-align: justify;\">Em um espa\u00e7o pequeno, mas agrad\u00e1vel e receptivo, o Agreste, mesmo com a simplicidade de sua proposta, mantinha algumas caracter\u00edsticas importantes de um grande est\u00fadio &#8211; e ainda hoje mant\u00e9m &#8211; para a produ\u00e7\u00e3o fotogr\u00e1fica: cen\u00e1rio, roupas e acess\u00f3rios, al\u00e9m, claro, dos equipamentos fotogr\u00e1ficos que comp\u00f5em a atmosfera envolvente do ambiente.<\/p><p class=\"font_8\" style=\"text-align: justify;\">A ilumina\u00e7\u00e3o cuidadosamente elaborada para a realiza\u00e7\u00e3o dos retratos, bem como uma especial aten\u00e7\u00e3o ao fluxo do trabalho digital, resultavam, por fim, uma \u00f3tima qualidade de impress\u00e3o.<\/p><p class=\"font_8\" style=\"text-align: justify;\">Em abril de 2011, o est\u00fadio deu in\u00edcio a sua atividade, recebendo os primeiros clientes. O ineditismo e a criatividade de sua proposta conquistaram de imediato o p\u00fablico que fez do espa\u00e7o um ponto de refer\u00eancia para quem deseja levar um registro fotogr\u00e1fico da Feira.<\/p><p class=\"font_8\" style=\"text-align: justify;\">Com um in\u00edcio de atividade surpreendente &#8211; filas constantes nos fins de semana para realiza\u00e7\u00e3o das fotos tem\u00e1ticas -, seus s\u00f3cios adquiriram, tr\u00eas meses depois, um espa\u00e7o mais amplo, que, em agosto de 2011, realizava seu primeiro clique.<\/p><p class=\"font_8\" style=\"text-align: justify;\">O novo espa\u00e7o possibilitou a montagem de duas produ\u00e7\u00f5es tem\u00e1ticas: uma \u00e9 o sertanejo nordestino, por estar inserido no contexto da feira, &#8211; que reproduz um ambiente da vida no sert\u00e3o, um territ\u00f3rio repleto de brasilidade e cheio de ternura que encanta as pessoas &#8211; e o outro tema \u00e9 alternativo, levando-se em conta, para a sua escolha, a viabilidade t\u00e9cnica e funcional.<\/p><h3 class=\"font_8\" style=\"text-align: justify;\">Est\u00fadio na rua principal da feira<\/h3><p class=\"font_8\" style=\"text-align: justify;\"><img fetchpriority=\"high\" decoding=\"async\" class=\"alignleft wp-image-802\" src=\"http:\/\/agrestefotostudio.com.br\/blog\/wp-content\/uploads\/2018\/10\/Foto-Externa-300x206.jpg\" alt=\"\" width=\"500\" height=\"343\" srcset=\"https:\/\/agrestefotostudio.com.br\/blog\/wp-content\/uploads\/2018\/10\/Foto-Externa-300x206.jpg 300w, https:\/\/agrestefotostudio.com.br\/blog\/wp-content\/uploads\/2018\/10\/Foto-Externa-768x526.jpg 768w, https:\/\/agrestefotostudio.com.br\/blog\/wp-content\/uploads\/2018\/10\/Foto-Externa.jpg 800w\" sizes=\"(max-width: 500px) 100vw, 500px\" \/>Em 2016, com o objetivo de dar maior visibilidade ao est\u00fadio e facilitar a sua localiza\u00e7\u00e3o na Feira pelo cliente, adquirimos um espa\u00e7o na rua principal. A inaugura\u00e7\u00e3o, em maio do mesmo ano, \u00e0s v\u00e9speras do dia das m\u00e3es, foi um sucesso.<\/p><p class=\"font_8\" style=\"text-align: justify;\">Hoje, s\u00e3o dois est\u00fadios dentro da Feira: o localizado na rua principal, ampliado em maio de 2017, com dois cen\u00e1rios e uma estrutura b\u00e1sica para atender aos clientes que desejam realizar books e produ\u00e7\u00f5es fotogr\u00e1ficas, e o da rua Pernambuco D-48, com dois cen\u00e1rios, tamb\u00e9m.<\/p><p class=\"font_8\" style=\"text-align: justify;\">Al\u00e9m da foto tem\u00e1tica como a grande atra\u00e7\u00e3o e a produ\u00e7\u00e3o de book, o est\u00fadio realiza uma gama de servi\u00e7os fotogr\u00e1ficos como casamentos, eventos corporativos e coberturas jornal\u00edsticas.<\/p><p class=\"font_8\" style=\"text-align: justify;\">O bom atendimento, aliado a rapidez e excel\u00eancia dos servi\u00e7os \u2013 as fotos tem\u00e1ticas s\u00e3o entregues em alguns minutos &#8211; foram, certamente, os principais elementos para conquistar os milhares de clientes que, at\u00e9 dezembro de 2017, passavam de 200.000 pessoas. Sem d\u00favida, um enorme sucesso.<\/p><\/div>\t\t\t\t\t\t\t\t<\/div>\n\t\t\t\t<\/div>\n\t\t\t\t\t<\/div>\n\t\t<\/div>\n\t\t\t\t\t<\/div>\n\t\t<\/section>\n\t\t\t\t<\/div>\n\t\t","protected":false},"excerpt":{"rendered":"<p>O projeto do est\u00fadio tem\u00e1tico na Feira de S\u00e3o Crist\u00f3v\u00e3o come\u00e7ou em janeiro de 2011 com a aquisi\u00e7\u00e3o de um&hellip;<\/p>\n","protected":false},"author":1,"featured_media":0,"parent":0,"menu_order":0,"comment_status":"closed","ping_status":"closed","template":"","meta":{"footnotes":""},"class_list":["post-468","page","type-page","status-publish","hentry"],"yoast_head":"<!-- This site is optimized with the Yoast SEO plugin v25.6 - https:\/\/yoast.com\/wordpress\/plugins\/seo\/ -->\n<title>Quem Somos -<\/title>\n<meta name=\"robots\" content=\"index, follow, max-snippet:-1, max-image-preview:large, max-video-preview:-1\" \/>\n<link rel=\"canonical\" href=\"https:\/\/agrestefotostudio.com.br\/blog\/quem-somos\/\" \/>\n<meta property=\"og:locale\" content=\"pt_BR\" \/>\n<meta property=\"og:type\" content=\"article\" \/>\n<meta property=\"og:title\" content=\"Quem Somos -\" \/>\n<meta property=\"og:description\" content=\"O projeto do est\u00fadio tem\u00e1tico na Feira de S\u00e3o Crist\u00f3v\u00e3o come\u00e7ou em janeiro de 2011 com a aquisi\u00e7\u00e3o de um&hellip;\" \/>\n<meta property=\"og:url\" content=\"https:\/\/agrestefotostudio.com.br\/blog\/quem-somos\/\" \/>\n<meta property=\"article:publisher\" content=\"https:\/\/www.facebook.com\/agrestefotostudio\" \/>\n<meta property=\"article:modified_time\" content=\"2019-09-02T23:23:30+00:00\" \/>\n<meta property=\"og:image\" content=\"http:\/\/agrestefotostudio.com.br\/blog\/wp-content\/uploads\/2018\/10\/Foto-Externa-300x206.jpg\" \/>\n<meta name=\"twitter:card\" content=\"summary_large_image\" \/>\n<meta name=\"twitter:site\" content=\"@agreste_studio\" \/>\n<meta name=\"twitter:label1\" content=\"Est. tempo de leitura\" \/>\n\t<meta name=\"twitter:data1\" content=\"2 minutos\" \/>\n<script type=\"application\/ld+json\" class=\"yoast-schema-graph\">{\"@context\":\"https:\/\/schema.org\",\"@graph\":[{\"@type\":\"WebPage\",\"@id\":\"https:\/\/agrestefotostudio.com.br\/blog\/quem-somos\/\",\"url\":\"https:\/\/agrestefotostudio.com.br\/blog\/quem-somos\/\",\"name\":\"Quem Somos -\",\"isPartOf\":{\"@id\":\"https:\/\/agrestefotostudio.com.br\/blog\/#website\"},\"primaryImageOfPage\":{\"@id\":\"https:\/\/agrestefotostudio.com.br\/blog\/quem-somos\/#primaryimage\"},\"image\":{\"@id\":\"https:\/\/agrestefotostudio.com.br\/blog\/quem-somos\/#primaryimage\"},\"thumbnailUrl\":\"http:\/\/agrestefotostudio.com.br\/blog\/wp-content\/uploads\/2018\/10\/Foto-Externa-300x206.jpg\",\"datePublished\":\"2018-08-16T04:29:18+00:00\",\"dateModified\":\"2019-09-02T23:23:30+00:00\",\"breadcrumb\":{\"@id\":\"https:\/\/agrestefotostudio.com.br\/blog\/quem-somos\/#breadcrumb\"},\"inLanguage\":\"pt-BR\",\"potentialAction\":[{\"@type\":\"ReadAction\",\"target\":[\"https:\/\/agrestefotostudio.com.br\/blog\/quem-somos\/\"]}]},{\"@type\":\"ImageObject\",\"inLanguage\":\"pt-BR\",\"@id\":\"https:\/\/agrestefotostudio.com.br\/blog\/quem-somos\/#primaryimage\",\"url\":\"https:\/\/agrestefotostudio.com.br\/blog\/wp-content\/uploads\/2018\/10\/Foto-Externa.jpg\",\"contentUrl\":\"https:\/\/agrestefotostudio.com.br\/blog\/wp-content\/uploads\/2018\/10\/Foto-Externa.jpg\",\"width\":800,\"height\":548},{\"@type\":\"BreadcrumbList\",\"@id\":\"https:\/\/agrestefotostudio.com.br\/blog\/quem-somos\/#breadcrumb\",\"itemListElement\":[{\"@type\":\"ListItem\",\"position\":1,\"name\":\"In\u00edcio\",\"item\":\"https:\/\/agrestefotostudio.com.br\/blog\/\"},{\"@type\":\"ListItem\",\"position\":2,\"name\":\"Quem Somos\"}]},{\"@type\":\"WebSite\",\"@id\":\"https:\/\/agrestefotostudio.com.br\/blog\/#website\",\"url\":\"https:\/\/agrestefotostudio.com.br\/blog\/\",\"name\":\"Agreste Foto & Studio\",\"description\":\"A sua lembran\u00e7a mais divertida da Feira de S\u00e3o Crist\u00f3v\u00e3o\",\"publisher\":{\"@id\":\"https:\/\/agrestefotostudio.com.br\/blog\/#organization\"},\"potentialAction\":[{\"@type\":\"SearchAction\",\"target\":{\"@type\":\"EntryPoint\",\"urlTemplate\":\"https:\/\/agrestefotostudio.com.br\/blog\/?s={search_term_string}\"},\"query-input\":{\"@type\":\"PropertyValueSpecification\",\"valueRequired\":true,\"valueName\":\"search_term_string\"}}],\"inLanguage\":\"pt-BR\"},{\"@type\":\"Organization\",\"@id\":\"https:\/\/agrestefotostudio.com.br\/blog\/#organization\",\"name\":\"Agreste Foto & Studio\",\"url\":\"https:\/\/agrestefotostudio.com.br\/blog\/\",\"logo\":{\"@type\":\"ImageObject\",\"inLanguage\":\"pt-BR\",\"@id\":\"https:\/\/agrestefotostudio.com.br\/blog\/#\/schema\/logo\/image\/\",\"url\":\"http:\/\/agrestefotostudio.com.br\/blog\/wp-content\/uploads\/2017\/07\/Logo-e1534389219888.png\",\"contentUrl\":\"http:\/\/agrestefotostudio.com.br\/blog\/wp-content\/uploads\/2017\/07\/Logo-e1534389219888.png\",\"width\":450,\"height\":131,\"caption\":\"Agreste Foto & Studio\"},\"image\":{\"@id\":\"https:\/\/agrestefotostudio.com.br\/blog\/#\/schema\/logo\/image\/\"},\"sameAs\":[\"https:\/\/www.facebook.com\/agrestefotostudio\",\"https:\/\/x.com\/agreste_studio\",\"https:\/\/www.instagram.com\/agreste_foto_studio\/\"]}]}<\/script>\n<!-- \/ Yoast SEO plugin. -->","yoast_head_json":{"title":"Quem Somos -","robots":{"index":"index","follow":"follow","max-snippet":"max-snippet:-1","max-image-preview":"max-image-preview:large","max-video-preview":"max-video-preview:-1"},"canonical":"https:\/\/agrestefotostudio.com.br\/blog\/quem-somos\/","og_locale":"pt_BR","og_type":"article","og_title":"Quem Somos -","og_description":"O projeto do est\u00fadio tem\u00e1tico na Feira de S\u00e3o Crist\u00f3v\u00e3o come\u00e7ou em janeiro de 2011 com a aquisi\u00e7\u00e3o de um&hellip;","og_url":"https:\/\/agrestefotostudio.com.br\/blog\/quem-somos\/","article_publisher":"https:\/\/www.facebook.com\/agrestefotostudio","article_modified_time":"2019-09-02T23:23:30+00:00","og_image":[{"url":"http:\/\/agrestefotostudio.com.br\/blog\/wp-content\/uploads\/2018\/10\/Foto-Externa-300x206.jpg","type":"","width":"","height":""}],"twitter_card":"summary_large_image","twitter_site":"@agreste_studio","twitter_misc":{"Est. tempo de leitura":"2 minutos"},"schema":{"@context":"https:\/\/schema.org","@graph":[{"@type":"WebPage","@id":"https:\/\/agrestefotostudio.com.br\/blog\/quem-somos\/","url":"https:\/\/agrestefotostudio.com.br\/blog\/quem-somos\/","name":"Quem Somos -","isPartOf":{"@id":"https:\/\/agrestefotostudio.com.br\/blog\/#website"},"primaryImageOfPage":{"@id":"https:\/\/agrestefotostudio.com.br\/blog\/quem-somos\/#primaryimage"},"image":{"@id":"https:\/\/agrestefotostudio.com.br\/blog\/quem-somos\/#primaryimage"},"thumbnailUrl":"http:\/\/agrestefotostudio.com.br\/blog\/wp-content\/uploads\/2018\/10\/Foto-Externa-300x206.jpg","datePublished":"2018-08-16T04:29:18+00:00","dateModified":"2019-09-02T23:23:30+00:00","breadcrumb":{"@id":"https:\/\/agrestefotostudio.com.br\/blog\/quem-somos\/#breadcrumb"},"inLanguage":"pt-BR","potentialAction":[{"@type":"ReadAction","target":["https:\/\/agrestefotostudio.com.br\/blog\/quem-somos\/"]}]},{"@type":"ImageObject","inLanguage":"pt-BR","@id":"https:\/\/agrestefotostudio.com.br\/blog\/quem-somos\/#primaryimage","url":"https:\/\/agrestefotostudio.com.br\/blog\/wp-content\/uploads\/2018\/10\/Foto-Externa.jpg","contentUrl":"https:\/\/agrestefotostudio.com.br\/blog\/wp-content\/uploads\/2018\/10\/Foto-Externa.jpg","width":800,"height":548},{"@type":"BreadcrumbList","@id":"https:\/\/agrestefotostudio.com.br\/blog\/quem-somos\/#breadcrumb","itemListElement":[{"@type":"ListItem","position":1,"name":"In\u00edcio","item":"https:\/\/agrestefotostudio.com.br\/blog\/"},{"@type":"ListItem","position":2,"name":"Quem Somos"}]},{"@type":"WebSite","@id":"https:\/\/agrestefotostudio.com.br\/blog\/#website","url":"https:\/\/agrestefotostudio.com.br\/blog\/","name":"Agreste Foto & Studio","description":"A sua lembran\u00e7a mais divertida da Feira de S\u00e3o Crist\u00f3v\u00e3o","publisher":{"@id":"https:\/\/agrestefotostudio.com.br\/blog\/#organization"},"potentialAction":[{"@type":"SearchAction","target":{"@type":"EntryPoint","urlTemplate":"https:\/\/agrestefotostudio.com.br\/blog\/?s={search_term_string}"},"query-input":{"@type":"PropertyValueSpecification","valueRequired":true,"valueName":"search_term_string"}}],"inLanguage":"pt-BR"},{"@type":"Organization","@id":"https:\/\/agrestefotostudio.com.br\/blog\/#organization","name":"Agreste Foto & Studio","url":"https:\/\/agrestefotostudio.com.br\/blog\/","logo":{"@type":"ImageObject","inLanguage":"pt-BR","@id":"https:\/\/agrestefotostudio.com.br\/blog\/#\/schema\/logo\/image\/","url":"http:\/\/agrestefotostudio.com.br\/blog\/wp-content\/uploads\/2017\/07\/Logo-e1534389219888.png","contentUrl":"http:\/\/agrestefotostudio.com.br\/blog\/wp-content\/uploads\/2017\/07\/Logo-e1534389219888.png","width":450,"height":131,"caption":"Agreste Foto & Studio"},"image":{"@id":"https:\/\/agrestefotostudio.com.br\/blog\/#\/schema\/logo\/image\/"},"sameAs":["https:\/\/www.facebook.com\/agrestefotostudio","https:\/\/x.com\/agreste_studio","https:\/\/www.instagram.com\/agreste_foto_studio\/"]}]}},"_links":{"self":[{"href":"https:\/\/agrestefotostudio.com.br\/blog\/wp-json\/wp\/v2\/pages\/468","targetHints":{"allow":["GET"]}}],"collection":[{"href":"https:\/\/agrestefotostudio.com.br\/blog\/wp-json\/wp\/v2\/pages"}],"about":[{"href":"https:\/\/agrestefotostudio.com.br\/blog\/wp-json\/wp\/v2\/types\/page"}],"author":[{"embeddable":true,"href":"https:\/\/agrestefotostudio.com.br\/blog\/wp-json\/wp\/v2\/users\/1"}],"replies":[{"embeddable":true,"href":"https:\/\/agrestefotostudio.com.br\/blog\/wp-json\/wp\/v2\/comments?post=468"}],"version-history":[{"count":7,"href":"https:\/\/agrestefotostudio.com.br\/blog\/wp-json\/wp\/v2\/pages\/468\/revisions"}],"predecessor-version":[{"id":1178,"href":"https:\/\/agrestefotostudio.com.br\/blog\/wp-json\/wp\/v2\/pages\/468\/revisions\/1178"}],"wp:attachment":[{"href":"https:\/\/agrestefotostudio.com.br\/blog\/wp-json\/wp\/v2\/media?parent=468"}],"curies":[{"name":"wp","href":"https:\/\/api.w.org\/{rel}","templated":true}]}}